 Calculate the greatest common divisor of n and 70.
10
Suppose 0 = 3*f - 4*c + 3 - 71, 3*c - 51 = -2*f. Let l = 11 + -3. What is the highest common divisor of l and f?
8
Suppose 2 + 30 = j. Calculate the highest common divisor of j and 368.
16
Let j be (80/70)/(2/14). Let g(p) = -5*p**3 + 2*p - 1. Let w be g(-2). Suppose 2*a - 13 = w. Calculate the highest common divisor of j and a.
8
Let t = -7 + 14. Suppose 0 = -t*f + 6*f + 27. Let c(n) = n**2 - n - 3. Let p be c(3). Calculate the highest common divisor of p and f.
3
Let b(k) = 3*k - 1. Let t be b(1). Let j be (-657)/(-6) + t/4. Suppose m + j = 3*m. Calculate the greatest common divisor of m and 5.
5
Let u = 8 - 3. Suppose 2*o = 4*m + 6, 5*m - 5*o + 0 + u = 0. Let p(g) = -7*g + 4. Let d be p(m). What is the greatest common factor of d and 72?
18
Let p(x) = 10*x + 59. Let n be p(11). What is the greatest common factor of 13 and n?
13
Let a(c) = -153*c + 2. Let z be a(1). Let q = -63 - z. Calculate the greatest common divisor of 8 and q.
8
Let r = -86 + 214. Let f = -14 + r. Calculate the highest common divisor of f and 6.
6
Suppose -72 = -55*l + 46*l. Calculate the highest common divisor of 96 and l.
8
Suppose w + 3*o - 486 = 0, -939 = -2*w - 47*o + 52*o. What is the highest common divisor of 27 and w?
9
Suppose 0 = -2*c - 5*l + 36, 9*c = 5*c + 4*l + 44. Calculate the greatest common divisor of 104 and c.
13
Let j(k) = k**2 + 2*k - 3. Let i be j(4). Let l(h) = 3*h + 19 - 1 + 0 + 15. Let n be l(17). What is the greatest common divisor of n and i?
21
Suppose 0 = -o - o + 4*a - 8, 5*a = -3*o - 1. Let f(d) = 35*d - 2. Let l be f(o). Let j be 12/l + 13/6. What is the greatest common divisor of 8 and j?
2
Suppose 23*f = 12 + 172. What is the greatest common factor of 184 and f?
8
Suppose -56 = 17*b - 19*b. Suppose -b*r - 100 = -33*r. What is the greatest common divisor of 140 and r?
20
Let c be (726/(-4))/(-3) - (-21)/(-42). Calculate the greatest common factor of 6 and c.
6
Let h(p) = p**3 + 10*p**2 + 10*p + 12. Let o be h(-9). Suppose -o*c = -15 - 18. Let b = c - -25. What is the greatest common factor of 4 and b?
4
Let a(b) = 13*b + 1. Let d be a(-2). Suppose -4*v - g - g = 54, 4*g = -2*v - 30. Let c = v - d. What is the greatest common factor of c and 84?
12
Suppose w + 456 = 2*d - d, 0 = -2*d - w + 903. Suppose 0 = 5*j + 103 - d. Calculate the highest common divisor of 28 and j.
14
Let r(c) = c**2 + 2*c - 1. Let a be r(2). Let h = a - 3. Calculate the highest common factor of h and 1.
1
Suppose 0*c - 111 = -3*c - 3*h, -2*c + 53 = -5*h. Let q(y) = -27*y + 1. Let a be q(-5). Calculate the highest common factor of c and a.
34
Suppose 5*q - 117 - 130 = -3*c, 4*q - 203 = 3*c. What is the greatest common divisor of q and 40?
10
Let w be (2/4)/(1/8). Let j be (8/5)/1*(56/(-16) - -6). Calculate the greatest common divisor of w and j.
4
Let k(a) = -6*a - 21. Let r be k(-10). What is the greatest common factor of 130 and r?
13
Let a = 3 - -12. Suppose t + 1305 = 88*t. Calculate the highest common factor of t and a.
15
Suppose -4*w + 15 = w. Let a be ((-30)/4)/(w/(-4)). Suppose -a*d = -5*d - 40. Calculate the greatest common divisor of d and 40.
8
Suppose -201 = 12*k - 15*k. Let n = -60 + k. What is the greatest common divisor of n and 7?
7
Let b = -228 + 361. Calculate the highest common factor of b and 7.
7
Let q(n) = 61*n + 1. Let v be q(1). Suppose -29*t - 976 = -37*t. Let g = t - v. What is the highest common divisor of g and 24?
12
Let g(n) = -2*n - 16. Let b be g(-10). Suppose b*j = 2*j + 280. Calculate the greatest common divisor of j and 28.
28
Suppose 221 = c - 4*f, 5*c + 2*f = f + 1126. Let i be (-11322)/189 + (-4)/42. Let m = i - -85. Calculate the highest common divisor of m and c.
25
Suppose 2*k - 14 = 5*k + o, -5*k = -3*o + 42. Let y be k - -2 - (0 + -54). What is the highest common divisor of 10 and y?
10
Let r be 0/((-3)/(-6 - -3)). Suppose r*t + 76 = 2*t. Suppose 2*c - 18 = -i, c - 3*c + 4*i = -t. What is the greatest common factor of 121 and c?
11
Suppose 1035 = 32*o - 23*o. What is the greatest common divisor of o and 23?
23
Suppose -34*s + 1664 = -21*s. What is the highest common divisor of 8 and s?
8
Suppose -4*x = x - o - 184, 76 = 2*x - o. What is the highest common factor of x and 96?
12
Let u(w) = -w**3 - 11*w**2 + 40*w. Let n be u(-14). What is the greatest common divisor of n and 308?
28
Suppose 6*a + 33 = 7*a. What is the greatest common divisor of 11 and a?
11
Let j = -1027 + 1489. Calculate the greatest common factor of 21 and j.
21
Suppose 4*l = 2*l + 8. Suppose -a = -4*d + a + 22, l*d - 34 = -2*a. Let o = 229 + -152. Calculate the highest common factor of d and o.
7
Suppose -217 - 13 = -5*b. Let a = -33 + b. Calculate the highest common divisor of a and 13.
13
Let h be (-9)/12*4*-1. Suppose 0 = q - h*w + 7*w - 14, -80 = -2*q + 5*w. Let m(g) = 5*g - 20. Let y be m(13). Calculate the greatest common divisor of q and y.
15
Let z(l) = 2*l**2 + 3*l + 2. Let h be z(-1). Let n be 12 + (-1 - 0)/h. Suppose 2*r - 22 = -0*r. What is the highest common factor of n and r?
11
Let c = -14 + 16. Let d = 24 + -19. Suppose -2*q + 45 = d*z, -z - 25 = -2*q + c. What is the greatest common divisor of q and 6?
3
Let x(v) be the second derivative of v**3/6 + 5*v**2/2 + 23*v. Let h be x(14). What is the greatest common divisor of 133 and h?
19
Let h = 5 + 1. Let z(w) = w**3 - 5*w**2 + 8*w + 6. Let y be z(h). Suppose -2*r = -7*r + y. Calculate the greatest common divisor of 9 and r.
9
Let f be ((11 - 6)/(-10))/(2/(-132)). Suppose -216 - 312 = -2*o. Calculate the highest common factor of f and o.
33
Suppose -7*o = -9*o. Suppose o = -2*q - q + 498. Suppose b = -3*z + z + q, 4*z - 5*b = 346. Calculate the highest common factor of z and 21.
21
Let t(r) = 23*r**2 + 2*r. Let m be t(2). Suppose -28 = -4*b + 5*j, 16*j - 72 = -5*b + 13*j. What is the greatest common factor of b and m?
12
Let d be ((-6)/(-24)*-3)/((-2)/168). Calculate the highest common factor of 28 and d.
7
Let v(a) = 5*a**2 - 2*a + 7. Let t(p) = 11*p**2 - 5*p + 15. Let n(b) = -4*t(b) + 9*v(b). Let i be n(-2). What is the highest common factor of i and 2?
1
Let f = -10 - -13. Suppose -4*v + 30 = -2*i, v - i = 5 + f. Let b = -8 + 15. What is the greatest common divisor of v and b?
7
Let s(r) = -31*r - 7. Let z(i) = -32*i - 8. Let h(w) = 7*s(w) - 6*z(w). Let o be h(-1). Let x be (2/3)/(1/54). Calculate the greatest common factor of x and o.
12
Let j(f) = f + 12. Let g be -2 - ((-6)/(-4))/(21/28). Let d be j(g). Calculate the greatest common factor of 12 and d.
4
Let z be (-6)/(-9) - (-1724)/6. Suppose 0 = -4*y - 5*u - 2, u = -3*y + 3 + 1. Suppose -z = y*b - 5*b. Calculate the greatest common divisor of 12 and b.
12
Let y(s) = -3*s**3 - s**2 + 2*s - 1. Let d be y(-2). Let r = -242 + 407. What is the greatest common factor of d and r?
15
Let f be 2/(2/(-2 - -12)). Suppose f = h - w - w, 2*h + w = 15. Let k be (-4)/(-8) + 36/h. What is the highest common divisor of 40 and k?
5
Let w be 52*(-65)/(-30) + (-2)/3. What is the highest common divisor of 140 and w?
28
Suppose 16*d - 1071 = 1169. What is the highest common factor of d and 630?
70
Suppose -5*n = -91 - 24. Suppose 41 - n = 3*l. Calculate the greatest common factor of 2 and l.
2
Suppose -202 = -4*c - 22. What is the highest common factor of 225 and c?
45
Let y(s) = 25*s - 65. Let d be y(5). Calculate the highest common factor of d and 25.
5
Suppose m - 15 = -2*s - 0*m, -3*m = -4*s + 25. Let j(u) = -u**2 + 12*u - 4. Let a be j(11). What is the highest common factor of a and s?
7
Let n(f) = f**2 - 10*f - 9. Let z be n(11). Suppose 3*c - 20 = z*c. Calculate the highest common divisor of c and 4.
4
Let n(s) = -30*s**2 - 1. Let d be n(2). Let l = d - -127. What is the highest common divisor of 6 and l?
6
Let s(v) = v**2 - 7*v + 3. Let h be s(8). Suppose 0 = -4*r + 8*y - 12*y + 40, 0 = 5*y + 5. What is the highest common factor of r and h?
11
Let z = -221 - -232. Calculate the highest common divisor of 55 and z.
11
Let n be (-567)/(-28) - 2/8. Let b(p) = -p - 2. Suppose -3*y = -12, -2*y - 26 = 2*t - 5*y. Let s be b(t). Calculate the greatest common divisor of n and s.
5
Let w be (1 - 0) + 1*2. Let a = -619 + 625. Calculate the greatest common divisor of a and w.
3
Let v = -321 - -366. Wha